*d - 80 = -l*k. Calculate the remainder when s is divided by k.
11
Suppose 2*a + 2*a = 8. Suppose 0 = -4*y - 3*u + a + 9, -y + 5*u - 3 = 0. Let g = 4 - 3. What is the remainder when y is divided by g?
0
Let h = 759 + -741. Suppose 0 = b + 2*b - 21. Calculate the remainder when h is divided by b.
4
Suppose -5*w + 85 = 4*h, -4*w + 23 = h - w. Suppose -4*j - 5*r = -170 - 123, 5*r + 323 = 4*j. What is the remainder when j is divided by h?
17
Let j be 1/((-1)/(5 - -2)). What is the remainder when 19 is divided by (-13)/(-2) + j/(-14)?
5
Calculate the remainder when 39 is divided by (-2)/(-4) - (-38)/4.
9
Suppose 2*p = -p + 138. Let a = 10 - 10. Suppose -d + 3*d = 2*c - 42, -c - 2*d + 6 = a. What is the remainder when p is divided by c?
14
Let f be 38/6 - 2/6. Suppose -l - 3*h = -70, -f*l + 4*l - 4*h = -140. Suppose 6*y - l = y. Calculate the remainder when y is divided by 8.
6
Suppose -m = -2*m - 15. Let j = 47 - m. Suppose -2*c = 5*s - 67, 0 = -4*c + 2*c + 3*s + 27. Calculate the remainder when j is divided by c.
20
Let z = 14 + -10. Let d(f) = 3*f - f + 3*f**2 + 2*f + 3 - f**3. Calculate the remainder when z is divided by d(4).
1
Suppose 2*v + 129 - 379 = 0. Suppose 3*z - 202 = v. What is the remainder when z is divided by 28?
25
Suppose -81 = -5*a + 64. Let f = -11 + a. What is the remainder when f is divided by 5?
3
Let z = 16 + -14. Suppose 0 = 3*n + z*j - 3*j - 167, 0 = 2*n + 3*j - 93. Calculate the remainder when n is divided by 19.
16
Let n be (26 - (0 + 3))/1. Let p = n - 51. Calculate the remainder when 5 is divided by (1 - 0)/((-7)/p).
1
Let n = 22 + -27. Suppose 19 = 5*o - 41. Let h = o + n. What is the remainder when h is divided by 3?
1
Suppose -2*x - 8 = 2*x, 5*i + 51 = -3*x. Calculate the remainder when (-864)/(-15) + i/15 is divided by 15.
12
Let z(j) = -j**2 - 12*j - 10. Let v = -56 - -88. Calculate the remainder when v is divided by z(-9).
15
Let y(u) = -u + 7. Let h(j) = j - 5. Let n be h(5). What is the remainder when y(n) is divided by 4?
3
Let w be 1 - ((2 - 0) + -3). Let v be (0 - -4)*(4 + w). Let a = v - 5. What is the remainder when a is divided by 10?
9
Let c be 4/(-18) - (-224)/36. Let l be (285/(-6))/((-3)/c). Let y = -43 + l. Calculate the remainder when y is divided by 18.
16
Let o = 4 + 9. Let m = o - 1. Calculate the remainder when 46 is divided by m.
10
Let y = 34 + -33. Calculate the remainder when 2 is divided by y.
0
Let x = -8 - -19. Let z(y) = 8*y - 3. Let d(o) = 2*o + 1. Let m be d(1). Calculate the remainder when z(m) is divided by x.
10
Let k(n) = 3*n**2 - 2*n. Let c = 13 + 8. Calculate the remainder when c is divided by k(2).
5
Suppose 0 = -2*a - a + 3. Let r = a - -19. What is the remainder when 38 is divided by r?
18
Suppose -z = -6*z + 20. Calculate the remainder when 2 + 12 - (z - 1) is divided by 4.
3
Suppose 3*j - 85 = -5*y, -j = y - 3*y + 34. What is the remainder when 18 is divided by y?
1
Calculate the remainder when (-2 - (-29)/(-1))*-4 is divided by 42.
40
Let l = -29 + 44. Let y(o) = o**2 - 21*o + 97. What is the remainder when y(18) is divided by l?
13
Let l = 2 - -34. Suppose 148 = 4*v - l. Let c = -33 + v. What is the remainder when 24 is divided by c?
11
What is the remainder when ((-43)/2)/(11/(-22)) is divided by 9?
7
Suppose 5*b = 99 - 4. Suppose -m + 148 = 3*m. What is the remainder when m is divided by b?
18
Let l(a) = a + 32. What is the remainder when 30 is divided by l(-16)?
14
Let s = 31 - 16. Calculate the remainder when 43 is divided by s.
13
Suppose -5*g - 5*o = -135, -g + 33 = -o - o. What is the remainder when 113 is divided by g?
26
Suppose d + b - 18 = 0, -10 = -3*d + 2*b + 54. Suppose -d = c + 3*c, -5*j = 2*c - 165. What is the remainder when j is divided by 12?
11
Suppose -11 = -8*z + 13. Suppose 0 = 2*y + 5*i + 18, -5*y - 3 = -3*i + 11. Let k = y + 7. What is the remainder when k is divided by z?
0
Suppose -4*x = -5*x. Suppose 4 = h, -n + x*h - 2*h + 17 = 0. Let l(z) = -26*z. What is the remainder when l(-1) is divided by n?
8
Let b(o) = -o**2 + 14*o - 10. What is the remainder when b(9) is divided by ((-4)/(-12))/(2/54)?
8
Calculate the remainder when -1 + 103/3*3 is divided by 21.
18
Suppose 7 = 3*b - 2. Let x be 3 - 6*3*-1. Suppose -5*h - b*k + x = -15, 5*k - 12 = -3*h. What is the remainder when 16 is divided by h?
7
Suppose 0 = -r - 2*r + 57. Let d be (-4)/(1 + 1) - -10. Let o = 15 - d. Calculate the remainder when r is divided by o.
5
Let g = -32 - -46. Suppose 15 = o - 5*t, 5*t + 4 = -1. Suppose 0 = l + l - o. Calculate the remainder when g is divided by l.
4
Let h be 10*2 + -2 + 0. Let w = h + -14. Calculate the remainder when 11 is divided by w.
3
Suppose 49 = 4*g - 43. Calculate the remainder when 90 is divided by g.
21
Let u = -47 + 53. What is the remainder when 23 is divided by u?
5
Suppose 18*d - 21*d + 24 = 0. Let i(n) = n**3 - 6*n**2 - 11*n + 5. Calculate the remainder when i(d) is divided by 12.
9
Suppose 35 = j - 6*j. Let l(k) = 2*k**2 + 10*k + 9. Calculate the remainder when l(j) is divided by 19.
18
Suppose 4*i + 3*w - 40 = 14, 2*w = 2*i - 34. Calculate the remainder when 70 is divided by i.
10
Suppose 16 = 4*d - 92. What is the remainder when d is divided by (-6)/(-4)*84/18?
6
Let f(a) = 11*a - 4. Calculate the remainder when f(8) is divided by 22.
18
Let y = -24 - -58. Suppose 7*i + 44 = 3*i. Let z = y + i. What is the remainder when 45 is divided by z?
22
Suppose 0 = -h + 13 + 6. Let z = h + 0. Calculate the remainder when (-74)/(-6)*3/1 is divided by z.
18
Let p(y) = -5*y - 40. Let m(l) = -3*l - 27. Let z(i) = 7*m(i) - 5*p(i). Calculate the remainder when z(11) is divided by 19.
17
Let g(k) = -k + 5. Let b be g(4). What is the remainder when 33 is divided by 1 - -5 - (b + -2)?
5
Suppose -3 - 5 = -4*q. Suppose -3*k + 8*k - 60 = 0. Suppose -k = g - q*g. Calculate the remainder when 33 is divided by g.
9
What is the remainder when (12 + -13)*(-1 - 38) is divided by 6?
3
Suppose -4*f + 0*f - 36 = 0. Let q = -3 - f. Calculate the remainder when 23 is divided by q.
5
Suppose -162 = -10*z + z. What is the remainder when z is divided by 10?
8
Let u(b) = -3*b - 2. Let m be u(-3). What is the remainder when 20 is divided by (77/(-4))/m*-4?
9
Let f = 0 + 4. Suppose 5*h + 140 = f*c, -2*h = 4*c + 3*h - 140. What is the remainder when 138 is divided by c?
33
Calculate the remainder when 18 is divided by ((-4)/(-3))/(5/(6 + 9)).
2
Let b(t) = 11*t**2 + t + 1. Calculate the remainder when 47 is divided by b(1).
8
Let a = -15 + 27. What is the remainder when 20 is divided by a?
8
Suppose 4*i + 3 = 43. Suppose -3*o - 4*h = -o - 8, 0 = 4*o + 4*h - 12. Let b(f) = 2*f + 2. What is the remainder when i is divided by b(o)?
4
Let p be (-2)/(-2) + -1 + -1. Let r = 16 + p. Calculate the remainder when (3/9)/(2/174) is divided by r.
14
Suppose 4*d - 502 = -70. Suppose -5*p = 33 - d. What is the remainder when 27 is divided by p?
12
Let y(u) = u. Calculate the remainder when 11 is divided by y(3).
2
What is the remainder when 108 is divided by (2 - (4 - -1))*2475/(-135)?
53
Suppose 2*v + 3*v - 130 = -4*h, -3*h = -4*v + 135. What is the remainder when 119 is divided by v?
29
Let k = 68 - -17. Calculate the remainder when k is divided by 22.
19
Let s be (1 + (4 - 3))*2. Suppose -k = x + 2 - 1, -s*x - 36 = -4*k. Suppose 0*j + k = j. Calculate the remainder when 10 is divided by j.
2
Let w = 12 - -14. Calculate the remainder when w is divided by 9.
8
Suppose 4*a - 3*f + 2*f - 7 = 0, -6 = 3*a - 3*f. Calculate the remainder when 3 is divided by a.
0
Suppose -2*g + 54 = 4*m, 7*m + g - 60 = 2*m. Calculate the remainder when 24 is divided by m.
2
Suppose -25 = 3*a - 1. Let y be 2/(-8) + (-290)/a. Suppose 5*n = y + 34. Calculate the remainder when n is divided by 8.
6
Suppose -11 = 4*y - 3*l, 1 = -2*l + 3*l. Calculate the remainder when (-15)/5*(-1 + y) is divided by 3.
0
Suppose -3*b + 14 = 2*m, -3*b - 5*m = -8*b + 65. Suppose -b = -y + 3. Calculate the remainder when 31 is divided by y.
9
Let g = -6 - -15. Calculate the remainder when g is divided by 6.
3
Let u = 14 - -20. Let g be (4 - 2)/(4/u). Suppose g = -4*d + 5*d. What is the remainder when d is divided by 9?
8
Suppose 5*i = 874 - 349. What is the remainder when i is divided by 12?
9
Let f = 7 + 2. Suppose 53 = -4*x + 3*x. 